y(o). Let m be -2 - 0 - (q + -55). Calculate the highest common divisor of 9 and m.
9
Suppose -2*d + 10 = -2. Let f be (-3)/1 - (d + -15). Suppose 3*h = f*h - y - 86, 5*h + y - 138 = 0. What is the greatest common divisor of 70 and h?
14
Let a be 9 + 8 - (0 + -2 + -2). What is the highest common factor of 147 and a?
21
Let y be ((-3)/9)/((-3)/(-36)). Let x be y*(-4 + 3) - 2. Suppose x*t - 7*t = -30. Calculate the highest common divisor of t and 15.
3
Let v(d) = 2*d**3 - 3*d**2 + 3*d - 6. Let h be v(6). Suppose q - h = -q. What is the greatest common factor of 21 and q?
21
Let b(t) = 9*t + 82. Suppose 3*q + 43 = 16. Let p be b(q). What is the greatest common divisor of p and 1?
1
Suppose 4*d + 8*f - 62 = 3*f, 2*d + 3*f - 30 = 0. What is the highest common divisor of d and 198?
18
Let i(w) = w - 4. Suppose v = -v - 8, 3*c = -3*v + 12. Let a be i(c). Suppose -2*x - 2*x + 4 = 0. Calculate the highest common divisor of x and a.
1
Let n be ((-444)/(-185))/(46/40 + -1). What is the highest common factor of n and 256?
16
Let g = 12 - 8. Let i be (-2)/(2 - (-36)/(-15)). Suppose g + 11 = -i*l, 5*l = -2*y - 13. Calculate the highest common divisor of y and 7.
1
Suppose -2*n - 330 = 4*j, -2*n + 3*j + 680 = -6*n. Let s = n + 313. Calculate the greatest common factor of s and 20.
20
Let d(c) = -45*c + 2. Let r be d(-2). Suppose 0*f + 120 = 8*f. Let p = f - -8. What is the greatest common divisor of p and r?
23
Let j be ((-315)/28)/(15/(-80)). What is the highest common divisor of j and 1920?
60
Let r(j) = 6*j - 98. Let l be r(18). What is the highest common factor of 2 and l?
2
Let n be 3/(-4) + 38*(-5)/(-40). Suppose n*j + 5*j = 144. What is the greatest common divisor of 48 and j?
16
Let w = -399 - -435. Calculate the highest common factor of 9 and w.
9
Let u be 1/(2/10 - 0). Suppose 3 = -3*k - l, u*k + 3*l + 9 = k. Suppose r + 3*r - s - 21 = k, s = -3*r + 14. What is the greatest common divisor of 2 and r?
1
Let t be (-2)/(-26) - (-93177)/91. What is the highest common factor of 64 and t?
64
Suppose 0 = -0*r + 5*r - 450. Suppose -r + 45 = -f. Calculate the highest common factor of 15 and f.
15
Let x(d) = -d + 14. Let m be x(9). Suppose 3*v = -m*o + 21, 0*o - 4*v = 2*o. What is the greatest common divisor of o and 21?
3
Let z(w) = 4*w + 9. Let d = -29 + 36. Let l be z(d). What is the highest common divisor of l and 333?
37
Suppose -2*b + 3 = l - 6, l + 4*b = 3. Calculate the greatest common factor of 615 and l.
15
Let d(t) = 15*t + 222. Let k be d(-6). What is the greatest common factor of k and 66?
66
Suppose 0 = 14*h - 175 - 119. What is the greatest common factor of h and 14?
7
Let z = 51 - 48. Suppose z*m - 3*h = 30, -4*h - 50 = -5*m - 7*h. Suppose 0 = 5*t - 513 + 163. Calculate the highest common factor of t and m.
10
Suppose 35 + 0 = 5*i. Let o be -3 + 42 + (-2)/(-2). Suppose 0 = 4*w + 3*r - o, -2*r + 0 = -3*w + 13. What is the highest common divisor of w and i?
7
Let m be -5*(1 + 1 - 0). Let w = m + 164. Calculate the greatest common factor of 14 and w.
14
Let j be (-60)/25*(-10)/4. Calculate the highest common divisor of j and 6.
6
Let c be ((-3)/(-4))/((-2)/(-8)). Let r = 103 + -100. Suppose -r*p = 2*x - 91, 4*x - 17 = -0*p - p. What is the greatest common factor of p and c?
3
Let f(h) = h**2 - 9*h - 730. Let b be f(-23). Let z(n) = n**2 + 7*n - 6. Let v be z(-10). Calculate the highest common divisor of v and b.
6
Let u = 6 + -2. Suppose -30 = -5*k - u*b, -k - 5*b + 3*b = 0. What is the highest common divisor of k and 10?
10
Suppose 5*g + 4*b = 6 + 4, -b = 3*g - 6. Calculate the highest common factor of 42 and g.
2
Suppose 42 = 3*q + 36. Let h(n) = -5*n + 3*n - 2 + 9*n. Let b be h(q). What is the highest common divisor of 132 and b?
12
Let b(c) = -2*c**3 - 5*c**2 - c - 7. Let d be b(-4). What is the highest common factor of d and 5?
5
Let x(i) = -i**2 - 25*i - 115. Let n be x(-18). What is the greatest common divisor of 517 and n?
11
Suppose -4*d + 319 + 153 = 0. Suppose -h + 3 = 0, -4*m = h - 385 + d. Calculate the highest common divisor of m and 12.
6
Let t = 20 - 24. Let r(y) = -19*y**2 + 4*y - 1. Let o be r(t). Let z be o/(-21) + (-4)/14. Calculate the highest common factor of z and 105.
15
Suppose 120*n + 4125 = 135*n. Calculate the greatest common divisor of 200 and n.
25
Let h(g) = 4*g**2 + 7*g - 4. Suppose 17*w + 12 = -56. Let j be h(w). What is the highest common divisor of 8 and j?
8
Suppose -3*m + 0*j = -5*j - 162, 2*m + 4*j = 108. Calculate the greatest common divisor of 351 and m.
27
Let m(j) = 5*j**2 - j - 6. Let r be m(3). Let n = 6 - 2. What is the highest common divisor of r and n?
4
Let v(l) = 2*l + 108. Let c be v(-8). Calculate the greatest common divisor of 161 and c.
23
Suppose 4*p + 2*i + 3*i = 20, 25 = 5*p - 5*i. Suppose f + 1 = p. Suppose -b = -f*b + 21. What is the greatest common divisor of b and 28?
7
Let g = 187 + -105. What is the greatest common divisor of 1066 and g?
82
Let c be ((-12)/(-10))/((-12)/30) + 241. Calculate the highest common factor of 34 and c.
34
Suppose -22*k = -894 - 206. Let u(m) = 2*m**2 + 3*m. Let c be u(-4). What is the greatest common factor of c and k?
10
Let b = -368 + 603. What is the highest common divisor of b and 141?
47
Let o = 2 - 4. Let x be (6/7)/(20/140). Let p = x - o. Calculate the highest common factor of 20 and p.
4
Suppose 20*m - 864 + 704 = 0. What is the greatest common divisor of m and 648?
8
Let v = 1489 + -1477. Suppose -3*m = -37 - 143. Calculate the greatest common factor of m and v.
12
Let k = -531 + 559. Suppose -t = -4*m - 38 + 6, 0 = -t - 3*m + 25. Calculate the highest common divisor of k and t.
28
Suppose 4*p + 0*z - 147 = -z, 3*p - 5*z - 116 = 0. Let v = 85 - p. Suppose 5*q - 8 = 72. Calculate the highest common divisor of q and v.
16
Let w be 1073 + (-1 - -8) + 120/(-24). What is the highest common factor of 50 and w?
25
Suppose 5*v - 70 = -4*r + 224, 2*r + 132 = 2*v. Calculate the greatest common factor of 279 and v.
31
Suppose 20*z - 22*z + 4 = 0. Suppose -m + 95 = -z*u + 9, -4*m + 4*u = -364. What is the highest common divisor of 12 and m?
12
Let q(c) = c**3 - 5*c**2 - 12*c + 69. Let x be q(4). Calculate the greatest common divisor of 1 and x.
1
Let r be (17/2)/((-2)/(-60)*5). Calculate the highest common divisor of 102 and r.
51
Suppose -6*x = -x - 80. Calculate the highest common factor of 10 and x.
2
Let d = -196 - -171. Let r = d - -59. Suppose 0 = -s - 5, 0 = 4*b - s - 124 - 85. Calculate the highest common divisor of r and b.
17
Let s(d) = 5*d + 18. Let c be s(-2). Let p(k) = -6 - 4 + 9*k**2 - 3*k - k**3 + 0*k**3. Let n be p(c). What is the highest common factor of n and 12?
6
Let r be 595/98 - 3/42. Calculate the highest common factor of r and 162.
6
Let p(d) = 99*d**2 - 1. Let z be p(-1). Let m = z + -34. Calculate the highest common divisor of 48 and m.
16
Let f be (4/(-3))/(((-14)/105)/1). Calculate the highest common factor of f and 10.
10
Suppose -3*b = -4 - 23. Suppose -j = -b + 3. What is the greatest common factor of 42 and j?
6
Suppose -3*a - 2*a + 30 = 0. Let j(n) = 2*n + 36. Let o be j(-17). What is the highest common divisor of o and a?
2
Let w(x) = x**3 + 5*x**2 + 3*x. Let r be w(-2). Suppose -b = 3*a + r, 0*b - 34 = -3*b + 4*a. What is the greatest common factor of 54 and b?
6
Suppose 5*c = -2*h - 65, -3*h = 2*c + 52 + 51. Let z be 10/h + (-1161)/(-21). What is the greatest common divisor of z and 22?
11
Let d = -4 - -16. Suppose -y + 4 + 11 = 0. Suppose 17*c - 12*c = y. What is the highest common divisor of d and c?
3
Suppose -y - 1 = 5*z + 1, -4*y + 92 = -5*z. Suppose -y*g + 5*g = -117. What is the greatest common factor of 27 and g?
9
Let i(o) = 2*o**2 + 6*o + 4. Suppose -3*n - 9 - 9 = 0. Let z be i(n). Let t be 2/7 - (-1512)/196. What is the greatest common factor of t and z?
8
Suppose -4*u + 5*u = 3. Let i be u + -3*(-4)/(-2) + 36. What is the greatest common divisor of 363 and i?
33
Suppose 5*x = -5*l + 210, 2*x - 166 = -2*x - 3*l. Let q be (18/(-5))/((-12)/x). Let m be (-4)/(q/(-9)) - -48. Calculate the greatest common factor of m and 34.
17
Let g = 29 + -9. Suppose 5*a - a - g = 0. Suppose a*p - 3*p = 2. Calculate the greatest common divisor of p and 3.
1
Suppose -4590 = 54*t - 63*t. What is the greatest common factor of 17 a